e v(-3).
53
Let y(p) = p**3 + 8*p**2 + 61*p + 376. Determine y(-7).
-2
Let m(p) = -5*p**3 + 64*p**2 + 8*p + 86. Calculate m(13).
21
Let p(j) = 22*j**3 + 7*j**2 - 10*j - 6. Determine p(3).
621
Let u(c) = -c**3 + 18*c**2 + 66*c + 483. Give u(22).
-1
Let p(q) = 2*q**2 - 103*q - 1081. What is p(-9)?
8
Let k(y) = 3*y**2 + 53*y + 26. Determine k(-12).
-178
Let f(w) = 24*w**2 + 17*w + 13. Calculate f(-1).
20
Let v(r) = r**3 + 20*r**2 + 2*r - 2. Determine v(-19).
321
Let q(n) = 2*n**3 - 156*n**2 + 10*n - 778. Determine q(78).
2
Let l(h) = 3*h**3 + 5*h**2 + 6*h + 3. Give l(-2).
-13
Let u(k) = -k**2 + 14*k + 13. Give u(11).
46
Let p(t) = 4*t**2 + 49*t + 51. Calculate p(-11).
-4
Let c(f) = -2*f**2 - 10*f - 36. Determine c(-13).
-244
Let l(j) = -4082*j - 16329. Calculate l(-4).
-1
Let k(w) = w**3 - 13*w**2 + 65*w - 204. What is k(8)?
-4
Let n(y) = -y**3 + 7*y**2 - 10*y + 10. Give n(7).
-60
Let g(a) = -428*a - 3801. Determine g(-9).
51
Let v(u) = 768*u + 6143. Give v(-8).
-1
Let l(v) = 10*v**2 + 56*v - 20. Calculate l(-6).
4
Let p(u) = -u**3 - 8*u**2 - 9*u - 38. Give p(-9).
124
Let n(c) = c**3 - 28*c**2 + 2*c - 50. What is n(28)?
6
Let a(z) = -420*z - 21460. Determine a(-51).
-40
Let o(i) = -2*i**2 + 19*i + 53. Determine o(-5).
-92
Let t(k) = -2*k**3 - 2*k**2 + k - 257. Calculate t(-7).
324
Let z(a) = 38*a**2 - 231*a - 2. What is z(4)?
-318
Let y(a) = -90*a + 988. What is y(4)?
628
Let g(i) = -i**2 + 120*i - 129. Determine g(0).
-129
Let y(p) = p**3 - 37*p**2 + 60*p + 16. Give y(2).
-4
Let d(h) = -2*h**2 + 38*h - 10. Give d(17).
58
Let k(a) = -a**3 - 55*a**2 + 60*a + 187. Calculate k(-56).
-37
Let k(w) = w**3 + 79*w**2 + 199*w + 3466. Calculate k(-77).
1
Let n(p) = p**3 - 10*p**2 + 17*p - 23. Calculate n(8).
-15
Let d(i) = 14*i + 516. Determine d(-25).
166
Let s(h) = 10*h + 304. What is s(-19)?
114
Let r(p) = -108*p**2 - 655*p - 19. Determine r(-6).
23
Let s(r) = 6*r**2 - 131*r + 477. Determine s(17).
-16
Let r(b) = 71*b - 342. What is r(5)?
13
Let g(i) = 27*i - 161. What is g(6)?
1
Let p(a) = a**3 + 7*a**2 - 195*a - 19. Calculate p(11).
14
Let q(k) = 132*k - 1062. What is q(9)?
126
Let m(d) = -d**3 + 23*d**2 - 138*d + 67. Calculate m(11).
1
Let s(w) = -12*w - 69. What is s(-2)?
-45
Let c(s) = 2*s**3 - 34*s**2 + 2*s + 22. Determine c(18).
706
Let v(b) = -2*b**3 - 11*b**2 - 253*b - 990. What is v(-4)?
-26
Let o(f) = f**3 - 43*f**2 + 37*f + 187. Determine o(42).
-23
Let k(i) = 2957*i + 5794. Determine k(-2).
-120
Let n(b) = 122*b - 80. What is n(1)?
42
Let v(k) = -k**3 - 36*k**2 - 34*k + 8. Give v(-35).
-27
Let t(z) = 3*z**3 - 78*z**2 - 78*z - 58. Determine t(27).
23
Let q(g) = 80*g - 2175. Determine q(27).
-15
Let l(k) = -k**3 + 61*k**2 - 117*k - 28. Give l(59).
31
Let q(u) = -u**3 + 11*u**2 - 51*u + 164. Calculate q(5).
59
Let o(s) = 8*s**2 + 846*s - 214. What is o(-106)?
-2
Let u(d) = 27*d + 401. What is u(-40)?
-679
Let t(d) = 9*d**2 - 9*d - 174. What is t(5)?
6
Let u(m) = -311*m + 40348. Calculate u(130).
-82
Let t(m) = 265*m - 12462. What is t(47)?
-7
Let f(i) = -333*i - 1685. What is f(-5)?
-20
Let q(b) = 2*b**2 - 38*b + 60. Determine q(13).
-96
Let c(m) = m**3 - 44*m**2 + 92*m - 89. What is c(42)?
247
Let p(n) = -2*n**3 + 271*n**2 + 1258*n + 287. What is p(140)?
7
Let d(w) = 41*w - 776. Calculate d(18).
-38
Let m(s) = -1029*s - 2054. What is m(-2)?
4
Let p(u) = 65*u + 49. Give p(-1).
-16
Let p(l) = 95*l - 252. Calculate p(2).
-62
Let c(s) = s**3 - 51*s**2 + 347*s - 179. Give c(43).
-50
Let q(d) = 9*d + 151. What is q(-16)?
7
Let u(q) = -2*q**2 - 43*q - 43. Give u(-21).
-22
Let m(r) = 2*r**3 - 23*r**2 + 54*r - 66. Give m(9).
15
Let f(l) = -l**3 + 35*l**2 + l - 9. What is f(35)?
26
Let t(g) = -86*g**3 + 5*g**2 - 4*g. Calculate t(1).
-85
Let h(c) = -3*c**3 - 112*c**2 - 40*c - 113. Determine h(-37).
-2
Let l(y) = 17*y + 786. Determine l(-41).
89
Let a(r) = -2*r**2 - 3*r + 206. Determine a(13).
-171
Let m(k) = -5*k**2 - 26*k + 17. Calculate m(-6).
-7
Let u(l) = l**3 - 9*l**2 - 30*l + 320. Calculate u(8).
16
Let p(q) = 927*q + 9273. Give p(-10).
3
Let o(t) = t**2 + 638*t + 9346. What is o(-15)?
1
Let u(w) = 32*w**2 + 29*w + 29. Give u(-4).
425
Let t(h) = 5*h**2 - 172*h + 237. What is t(33)?
6
Let q(r) = r**2 - 52*r + 665. Calculate q(29).
-2
Let n(h) = h**2 + 5*h - 281. Determine n(15).
19
Let i(q) = -q**3 + 12*q**2 - 11*q - 107. Determine i(9).
37
Let s(i) = -i**3 - 12*i**2 + 108*i + 1249. Determine s(-13).
14
Let i(t) = -188*t + 1120. Calculate i(6).
-8
Let x(l) = -l**2 - 73*l - 987. Determine x(-51).
135
Let p(w) = -426*w + 4846. Determine p(11).
160
Let x(m) = -m**2 - 93*m - 1497. Determine x(-72).
15
Let r(g) = -g**2 + 24*g + 67. Give r(21).
130
Let t(b) = 2*b**3 + 26*b**2 - 6*b + 18. Give t(0).
18
Let x(a) = -4096*a + 8182. What is x(2)?
-10
Let r(q) = q**3 - 56*q**2 - 179*q + 122. Calculate r(59).
4
Let b(m) = -483*m + 81619. What is b(169)?
-8
Let w(h) = -3*h**2 + 128*h - 800. Calculate w(35).
5
Let z(f) = -524*f + 9964. Determine z(19).
8
Let m(l) = 10*l**2 + 53*l - 8. Give m(-7).
111
Let s(r) = -3*r + 38. Give s(19).
-19
Let h(p) = -3*p**3 - 46*p**2 - 123*p - 41. Calculate h(-12).
-5
Let b(w) = -2079*w + 6225. Give b(3).
-12
Let g(r) = -r**3 + 68*r**2 - 54*r - 867. What is g(67)?
4
Let s(o) = -77*o**3 + 1922*o**2 + 77*o - 34. Calculate s(25).
16
Let k(c) = 17*c**2 - 4*c + 5. Give k(3).
146
Let r(p) = 804*p + 27333. What is r(-34)?
-3
Let j(m) = -50*m**3 + 12*m**2 - 8*m - 5. Calculate j(1).
-51
Let q(k) = -k**3 - 2*k**2 + 39*k + 124. Calculate q(-5).
4
Let j(x) = -33*x - 2135. Give j(-65).
10
Let l(r) = -r**2 - 17*r + 5769. Determine l(68).
-11
Let z(o) = 43*o**2 - 434*o + 37. Calculate z(10).
-3
Let u(y) = -2*y**2 - 67*y - 318. Determine u(-28).
-10
Let m(y) = -2*y**3 + 6*y**2 - 18*y + 48. Calculate m(4).
-56
Let h(j) = 93*j - 380. Determine h(4).
-8
Let y(o) = -o**3 + 95*o + 66. Calculate y(0).
66
Let l(w) = 13*w**2 - w. Calculate l(-6).
474
Let d(a) = a**2 + 362*a + 7463. Give d(-22).
-17
Let y(l) = l**3 - 57*l**2 - 65*l + 636. Determine y(58).
230
Let s(i) = i**3 + 54*i**2 + 49*i - 248. Give s(-53).
-36
Let u(b) = -70*b - 550. Give u(-8).
10
Let j(g) = 117*g + 753. Give j(-6).
51
Let z(u) = u**3 - 14*u**2 - 4*u + 24. Determine z(14).
-32
Let h(s) = s - 123. What is h(0)?
-123
Let k(t) = -t**3 + 15*t**2 + 4*t - 10. Calculate k(15).
50
Let v(g) = -2*g**3 + 3*g**2 + 132*g - 8. Give v(8).
216
Let j(c) = -c**3 - 3*c**2 + 14*c - 4. Determine j(3).
-16
Let s(r) = -3176*r - 15884. Give s(-5).
-4
Let n(j) = j**2 - 48*j - 1553. Determine n(69).
-104
Let f(m) = 2*m**2 - 162*m - 7. Determine f(0).
-7
Let c(w) = -1038*w - 7. Calculate c(0).
-7
Let z(l) = 3*l - 50. Give z(12).
-14
Let q(n) = n**3 + 45*n**2 + 10*n + 453. Give q(-45).
3
Let t(b) = 1320*b + 399956. Calculate t(-303).
-4
Let q(s) = 14*s - 74. What is q(8)?
38
Let s(w) = w + 144. What is s(-27)?
117
Let x(w) = 253*w - 190. What is x(1)?
63
Let f(h) = -922*h + 48859. Give f(53).
-7
Let j(o) = -2*o**3 + 9*o**2 + 25*o - 45. Give j(6).
-3
Let f(a) = -153*a - 2918. What is f(-19)?
-11
Let n(m) = -95*m**3 + 5*m**2 + m - 7. Calculate n(1).
-96
Let l(f) = -11*f**2 - 167*f + 164. Give l(1).
-14
Let t(s) = s**3 - 21*s**2 - 43*s - 129. Give t(23).
-60
Let l(s) = 1150*s + 1148. What is l(-1)?
-2
Let t(r) = 436*r + 1250. Give t(-4).
-494
Let u(j) = -j**3 + 19*j**2 - 82*j + 24. Determine u(6).
0
Let k(p) = -10*p + 114. Calculate k(20).
-86
Let d(z) = z**3 - 10*z**2 + 5*z + 2. Give d(6).
-112
Let f(c) = 25*c + 611. Determine f(-13).
286
Let v(b) = -15*b - 97. What is v(-6)?
-7
Let k(t) = -156*t - 9838. Determine k(-63).
-10
Let n(w) = -2*w**2 - 300*w - 600. Give n(-148).
-8
Let u(p) = 4*p**2 - 59*p + 54. Calculate u(14).
12
Let a(g) = 4*g**3 - 24*g**2 + 22*g - 158. Give a(6).
-26
Let n(d) = -21*d**2 + 272*d + 270. Determine n(-1).
-23
Let h(j) = 2*j**2 + 400*j + 5275. What is h(-14)?
67
Let b(z) = -33*z**2 + 4*z - 1. What is b(3)?
-286
Let o(s) = 125*s + 509. Give o(-4).
9
Let b(f) = 287*f**2 - 1145*f - 5. What is b(4)?
7
Let n(v) = v**2 - 12*v + 42. What is n(7)?
7
Let t(m) = -54*m + 2202. Determine t(40).
42
Let l(v) = -6160*v - 80078. Calculate l(-13).
2
Let q(g) = -182*g - 410. Calculate q(-2).
-46
Let q(p) = -1161*p + 10429. Give q(9).
-20
Let v(k) = -12354*k - 24719. Calculate v(-2).
-11
Let h(n) = 